-- MySQL dump 10.19  Distrib 10.3.39-MariaDB, for debian-linux-gnu (x86_64)
--
-- Host: bm1658940-002.eu.clouddb.ovh.net    Database: virginie
-- ------------------------------------------------------
-- Server version	8.0.46-37

/*!40101 SET @OLD_CHARACTER_SET_CLIENT=@@CHARACTER_SET_CLIENT */;
/*!40101 SET @OLD_CHARACTER_SET_RESULTS=@@CHARACTER_SET_RESULTS */;
/*!40101 SET @OLD_COLLATION_CONNECTION=@@COLLATION_CONNECTION */;
/*!40101 SET NAMES utf8mb4 */;
/*!40103 SET @OLD_TIME_ZONE=@@TIME_ZONE */;
/*!40103 SET TIME_ZONE='+00:00' */;
/*!40014 SET @OLD_UNIQUE_CHECKS=@@UNIQUE_CHECKS, UNIQUE_CHECKS=0 */;
/*!40014 SET @OLD_FOREIGN_KEY_CHECKS=@@FOREIGN_KEY_CHECKS, FOREIGN_KEY_CHECKS=0 */;
/*!40101 SET @OLD_SQL_MODE=@@SQL_MODE, SQL_MODE='NO_AUTO_VALUE_ON_ZERO' */;
/*!40111 SET @OLD_SQL_NOTES=@@SQL_NOTES, SQL_NOTES=0 */;

--
-- Table structure for table `bon_de_commande`
--

DROP TABLE IF EXISTS `bon_de_commande`;
/*!40101 SET @saved_cs_client     = @@character_set_client */;
/*!40101 SET character_set_client = utf8 */;
CREATE TABLE `bon_de_commande` (
  `id` int NOT NULL AUTO_INCREMENT,
  `id_client` int NOT NULL,
  `id_contact` int NOT NULL,
  `theme` varchar(200) NOT NULL,
  `date_debut` date DEFAULT NULL,
  `type_contrat` varchar(200) NOT NULL,
  `escompte` int DEFAULT NULL,
  `accompte` double NOT NULL,
  `tva` double DEFAULT NULL,
  `observation` varchar(200) DEFAULT NULL,
  `reglement` varchar(200) NOT NULL,
  `observation_reglement` varchar(200) DEFAULT NULL,
  `validation` tinyint(1) NOT NULL DEFAULT '0',
  `sys_created_date` timestamp NULL DEFAULT NULL,
  `sys_modified_date` timestamp NOT NULL DEFAULT CURRENT_TIMESTAMP ON UPDATE CURRENT_TIMESTAMP,
  PRIMARY KEY (`id`),
  KEY `id_contact` (`id_contact`),
  KEY `id_client` (`id_client`),
  CONSTRAINT `bon_de_commande_ibfk_2` FOREIGN KEY (`id_client`) REFERENCES `client` (`id`) ON DELETE RESTRICT ON UPDATE RESTRICT,
  CONSTRAINT `bon_de_commande_ibfk_3` FOREIGN KEY (`id_contact`) REFERENCES `contact_client` (`id`) ON DELETE RESTRICT ON UPDATE RESTRICT
) ENGINE=InnoDB AUTO_INCREMENT=9 DEFAULT CHARSET=latin1;
/*!40101 SET character_set_client = @saved_cs_client */;

--
-- Dumping data for table `bon_de_commande`
--

LOCK TABLES `bon_de_commande` WRITE;
/*!40000 ALTER TABLE `bon_de_commande` DISABLE KEYS */;
INSERT INTO `bon_de_commande` VALUES (1,1,1,'TES','2022-10-01','2',0,0,20,'','Virement','',0,'2022-09-28 21:29:29','2022-09-28 21:29:29'),(2,2,2,'MISSION','2022-09-29','1',0,0,20,'Prise en charge de 14h à 17h','Chèque','Une facture vous sera transmise à la fin du mois.',0,'2022-09-28 21:32:05','2023-04-12 21:11:59'),(3,1,1,'test','2023-05-16','1',0,0,20,'','Chèque','',0,'2023-05-08 10:28:19','2023-05-08 10:28:19'),(4,4,4,'Devis groupe de parole en EHPAD','2023-05-08','1',0,0,20,'','Virement','',0,'2023-05-08 11:09:36','2023-05-08 11:09:36'),(5,4,4,'Coaching et développement personnel','2023-05-10','1',0,0,20,'','Chèque','',0,'2023-05-10 21:41:49','2023-05-10 21:41:49'),(6,4,4,'Coaching et développement personnel','2023-05-15','1',0,0,20,'Règlement mensuel par virement soit 1474 euros par mois.','Chèque','',0,'2023-05-15 06:23:35','2023-05-15 06:41:18'),(7,4,4,'Coaching et développement personnel','2023-05-15','1',0,0,20,'Règlement mensuel par virement, soit : 1474 euros par mois.','Chèque','',0,'2023-05-15 07:12:13','2023-05-15 07:12:13'),(8,4,4,'Groupe de parole et analyses de pratiques','2023-05-16','1',0,0,20,'Règlement mensuel par virement. Soit, 1380 euros par mois.','Chèque','',0,'2023-05-16 10:03:03','2023-05-16 10:29:29');
/*!40000 ALTER TABLE `bon_de_commande` ENABLE KEYS */;
UNLOCK TABLES;

--
-- Table structure for table `client`
--

DROP TABLE IF EXISTS `client`;
/*!40101 SET @saved_cs_client     = @@character_set_client */;
/*!40101 SET character_set_client = utf8 */;
CREATE TABLE `client` (
  `id` int NOT NULL AUTO_INCREMENT,
  `raison_sociale` varchar(200) NOT NULL,
  `forme_juridique` varchar(200) DEFAULT NULL,
  `adresse` varchar(200) NOT NULL,
  `telephone` varchar(200) DEFAULT NULL,
  `mail` varchar(200) DEFAULT NULL,
  `responsable` varchar(200) NOT NULL,
  `observation` text,
  `date_rappelle` date DEFAULT NULL,
  `sujet_rappelle` varchar(200) DEFAULT NULL,
  `sys_created_date` timestamp NULL DEFAULT NULL,
  `sys_modified_date` timestamp NOT NULL DEFAULT CURRENT_TIMESTAMP ON UPDATE CURRENT_TIMESTAMP,
  `id_produit` int NOT NULL DEFAULT '1',
  PRIMARY KEY (`id`),
  KEY `id_produit` (`id_produit`)
) ENGINE=InnoDB AUTO_INCREMENT=5 DEFAULT CHARSET=latin1;
/*!40101 SET character_set_client = @saved_cs_client */;

--
-- Dumping data for table `client`
--

LOCK TABLES `client` WRITE;
/*!40000 ALTER TABLE `client` DISABLE KEYS */;
INSERT INTO `client` VALUES (1,'Association ACCES','','Abbaye des Guillemins\r\n59127 Walincourt-Selvigny','0361670102','pierrepruvost@hotmail.fr','Pierre Pruvost','',NULL,NULL,'2022-09-28 21:21:04','2022-09-29 11:35:47',1),(2,'','','EHPAD la Jonquière, 1 Rue de Gouzeaucourt, 59266 Honnecourt-sur-Escaut','','','','',NULL,NULL,'2023-04-12 20:51:54','2023-04-12 20:51:54',1),(3,'','','117 rue de Peronne, 59400 Cambrai','0633362272','','Leo FEOUILLET','',NULL,NULL,'2023-05-08 09:42:43','2023-05-08 09:42:43',1),(4,'Fondation Partage et Vie','EHPAD Le Nouvel Horizon','EHPAD Le Nouvel Horizon\r\n8 Rue de l\'Espérance, 59500 Douai','0327964447','','Amélie SOYEZ','',NULL,NULL,'2023-05-08 11:00:29','2023-05-08 11:11:06',1);
/*!40000 ALTER TABLE `client` ENABLE KEYS */;
UNLOCK TABLES;

--
-- Table structure for table `contact_client`
--

DROP TABLE IF EXISTS `contact_client`;
/*!40101 SET @saved_cs_client     = @@character_set_client */;
/*!40101 SET character_set_client = utf8 */;
CREATE TABLE `contact_client` (
  `id` int NOT NULL AUTO_INCREMENT,
  `id_client` int NOT NULL,
  `nom` varchar(200) NOT NULL,
  `poste` varchar(200) NOT NULL,
  `telephone` varchar(200) DEFAULT NULL,
  `telephone_portable` varchar(200) DEFAULT NULL,
  `mail` varchar(200) DEFAULT NULL,
  `sys_created_date` timestamp NULL DEFAULT NULL,
  `sys_modified_date` timestamp NOT NULL DEFAULT CURRENT_TIMESTAMP ON UPDATE CURRENT_TIMESTAMP,
  PRIMARY KEY (`id`),
  KEY `id_client` (`id_client`),
  CONSTRAINT `contact_client_ibfk_1` FOREIGN KEY (`id_client`) REFERENCES `client` (`id`) ON DELETE RESTRICT ON UPDATE RESTRICT
) ENGINE=InnoDB AUTO_INCREMENT=5 DEFAULT CHARSET=latin1;
/*!40101 SET character_set_client = @saved_cs_client */;

--
-- Dumping data for table `contact_client`
--

LOCK TABLES `contact_client` WRITE;
/*!40000 ALTER TABLE `contact_client` DISABLE KEYS */;
INSERT INTO `contact_client` VALUES (1,1,'Pierre Pruvost','Responsable','','','pierrepruvost@hotmail.fr','2022-09-28 21:23:18','2022-09-28 22:32:13'),(2,2,'Depaepe Geneviève',' ','','','','2023-04-12 20:53:13','2023-04-12 20:53:13'),(3,3,'FENOUILLET Léo',' ','','0633362272','maud.telliez@gmail.com','2023-05-08 09:43:55','2023-05-08 09:43:55'),(4,4,'Amélie SOYEZ','Directrice','0327964447','','amelie.soyez@fondationpartageetvie.org','2023-05-08 11:02:02','2023-05-08 11:02:02');
/*!40000 ALTER TABLE `contact_client` ENABLE KEYS */;
UNLOCK TABLES;

--
-- Table structure for table `contenu_devis`
--

DROP TABLE IF EXISTS `contenu_devis`;
/*!40101 SET @saved_cs_client     = @@character_set_client */;
/*!40101 SET character_set_client = utf8 */;
CREATE TABLE `contenu_devis` (
  `id` int NOT NULL AUTO_INCREMENT,
  `id_devis` int NOT NULL,
  `titre` varchar(200) NOT NULL,
  `contenu` text NOT NULL,
  `sys_created_date` timestamp NULL DEFAULT NULL,
  `sys_modified_date` timestamp NOT NULL DEFAULT CURRENT_TIMESTAMP ON UPDATE CURRENT_TIMESTAMP,
  PRIMARY KEY (`id`),
  KEY `id_devis` (`id_devis`),
  CONSTRAINT `contenu_devis_ibfk_1` FOREIGN KEY (`id_devis`) REFERENCES `devis` (`id`) ON DELETE RESTRICT ON UPDATE RESTRICT
) ENGINE=InnoDB DEFAULT CHARSET=latin1;
/*!40101 SET character_set_client = @saved_cs_client */;

--
-- Dumping data for table `contenu_devis`
--

LOCK TABLES `contenu_devis` WRITE;
/*!40000 ALTER TABLE `contenu_devis` DISABLE KEYS */;
/*!40000 ALTER TABLE `contenu_devis` ENABLE KEYS */;
UNLOCK TABLES;

--
-- Table structure for table `devis`
--

DROP TABLE IF EXISTS `devis`;
/*!40101 SET @saved_cs_client     = @@character_set_client */;
/*!40101 SET character_set_client = utf8 */;
CREATE TABLE `devis` (
  `id` int NOT NULL AUTO_INCREMENT,
  `modele` varchar(200) DEFAULT NULL,
  `deco` varchar(200) DEFAULT NULL,
  `id_client` int NOT NULL,
  `id_contact` int NOT NULL,
  `id_contact2` int DEFAULT NULL,
  `theme` varchar(200) NOT NULL,
  `carte_cam` tinyint(1) DEFAULT NULL,
  `carte_stq` tinyint(1) DEFAULT NULL,
  `carte_per` int DEFAULT NULL,
  `carte_noy` int DEFAULT NULL,
  `sys_created_date` timestamp NULL DEFAULT NULL,
  `sys_modified_date` timestamp NOT NULL DEFAULT CURRENT_TIMESTAMP ON UPDATE CURRENT_TIMESTAMP,
  `graphisme` tinyint(1) NOT NULL DEFAULT '1',
  `aff_date` tinyint(1) NOT NULL DEFAULT '1',
  `tu_vous` varchar(10) NOT NULL DEFAULT 'vouvoyer',
  `affichage_montant` varchar(255) DEFAULT NULL,
  `affichage_montant_total` tinyint(1) NOT NULL DEFAULT '0',
  PRIMARY KEY (`id`),
  KEY `id_contact` (`id_contact`),
  KEY `id_client` (`id_client`),
  KEY `id_contact2` (`id_contact2`),
  CONSTRAINT `devis_ibfk_1` FOREIGN KEY (`id_client`) REFERENCES `client` (`id`) ON DELETE RESTRICT ON UPDATE RESTRICT,
  CONSTRAINT `devis_ibfk_2` FOREIGN KEY (`id_contact`) REFERENCES `contact_client` (`id`) ON DELETE RESTRICT ON UPDATE RESTRICT,
  CONSTRAINT `devis_ibfk_3` FOREIGN KEY (`id_contact2`) REFERENCES `contact_client` (`id`) ON DELETE RESTRICT ON UPDATE RESTRICT
) ENGINE=InnoDB DEFAULT CHARSET=latin1;
/*!40101 SET character_set_client = @saved_cs_client */;

--
-- Dumping data for table `devis`
--

LOCK TABLES `devis` WRITE;
/*!40000 ALTER TABLE `devis` DISABLE KEYS */;
/*!40000 ALTER TABLE `devis` ENABLE KEYS */;
UNLOCK TABLES;

--
-- Table structure for table `facture`
--

DROP TABLE IF EXISTS `facture`;
/*!40101 SET @saved_cs_client     = @@character_set_client */;
/*!40101 SET character_set_client = utf8 */;
CREATE TABLE `facture` (
  `id` int NOT NULL AUTO_INCREMENT,
  `id_client` int NOT NULL,
  `id_contact` int NOT NULL,
  `theme` varchar(200) NOT NULL,
  `date` date DEFAULT NULL,
  `escompte` int DEFAULT NULL,
  `accompte` double NOT NULL,
  `tva` double DEFAULT NULL,
  `observation` varchar(200) DEFAULT NULL,
  `reglement` varchar(200) NOT NULL,
  `observation_reglement` varchar(200) DEFAULT NULL,
  `sys_created_date` timestamp NULL DEFAULT CURRENT_TIMESTAMP,
  `sys_modified_date` timestamp NOT NULL DEFAULT CURRENT_TIMESTAMP ON UPDATE CURRENT_TIMESTAMP,
  PRIMARY KEY (`id`)
) ENGINE=InnoDB AUTO_INCREMENT=8 DEFAULT CHARSET=latin1;
/*!40101 SET character_set_client = @saved_cs_client */;

--
-- Dumping data for table `facture`
--

LOCK TABLES `facture` WRITE;
/*!40000 ALTER TABLE `facture` DISABLE KEYS */;
INSERT INTO `facture` VALUES (1,1,1,'TEST','2022-10-28',0,0,20,'','Chèque','','2022-10-19 18:12:52','2022-10-19 18:12:52'),(2,1,1,'TEST','2022-10-28',0,0,20,'','Chèque','','2022-10-19 18:13:43','2022-10-19 18:13:43'),(5,1,1,'MISSION','2023-01-30',0,0,20,'','Virement','','2022-11-09 21:40:33','2023-01-30 17:36:18'),(7,3,3,'Facture Leo Fenouillet du 06/05/23','2023-05-06',0,0,20,'','Chèque','','2023-05-08 09:46:17','2023-05-08 09:46:17');
/*!40000 ALTER TABLE `facture` ENABLE KEYS */;
UNLOCK TABLES;

--
-- Table structure for table `produit_devis`
--

DROP TABLE IF EXISTS `produit_devis`;
/*!40101 SET @saved_cs_client     = @@character_set_client */;
/*!40101 SET character_set_client = utf8 */;
CREATE TABLE `produit_devis` (
  `id` int NOT NULL AUTO_INCREMENT,
  `id_secteur_activite` int NOT NULL,
  `nom` varchar(200) NOT NULL,
  `sys_created_date` timestamp NULL DEFAULT NULL,
  `sys_modified_date` timestamp NOT NULL DEFAULT CURRENT_TIMESTAMP ON UPDATE CURRENT_TIMESTAMP,
  PRIMARY KEY (`id`),
  KEY `id_secteur_activite` (`id_secteur_activite`)
) ENGINE=InnoDB DEFAULT CHARSET=latin1;
/*!40101 SET character_set_client = @saved_cs_client */;

--
-- Dumping data for table `produit_devis`
--

LOCK TABLES `produit_devis` WRITE;
/*!40000 ALTER TABLE `produit_devis` DISABLE KEYS */;
/*!40000 ALTER TABLE `produit_devis` ENABLE KEYS */;
UNLOCK TABLES;

--
-- Table structure for table `proposition_devis`
--

DROP TABLE IF EXISTS `proposition_devis`;
/*!40101 SET @saved_cs_client     = @@character_set_client */;
/*!40101 SET character_set_client = utf8 */;
CREATE TABLE `proposition_devis` (
  `id` int NOT NULL AUTO_INCREMENT,
  `id_devis` int NOT NULL,
  `id_produit_devis` int DEFAULT NULL,
  `nom` varchar(200) NOT NULL,
  `date_debut` date DEFAULT NULL,
  `date_fin` date DEFAULT NULL,
  `designation` text,
  `observation` varchar(1000) DEFAULT NULL,
  `nb_jours` float DEFAULT NULL,
  `prix_journalier` float DEFAULT NULL,
  `total_ht` varchar(255) DEFAULT NULL,
  `sys_created_date` timestamp NULL DEFAULT NULL,
  `sys_modified_date` timestamp NOT NULL DEFAULT CURRENT_TIMESTAMP ON UPDATE CURRENT_TIMESTAMP,
  PRIMARY KEY (`id`),
  KEY `id_produit_devis` (`id_produit_devis`),
  KEY `id_devis` (`id_devis`),
  CONSTRAINT `proposition_devis_ibfk_1` FOREIGN KEY (`id_produit_devis`) REFERENCES `produit_devis` (`id`) ON DELETE RESTRICT ON UPDATE RESTRICT
) ENGINE=InnoDB DEFAULT CHARSET=latin1;
/*!40101 SET character_set_client = @saved_cs_client */;

--
-- Dumping data for table `proposition_devis`
--

LOCK TABLES `proposition_devis` WRITE;
/*!40000 ALTER TABLE `proposition_devis` DISABLE KEYS */;
/*!40000 ALTER TABLE `proposition_devis` ENABLE KEYS */;
UNLOCK TABLES;

--
-- Table structure for table `ville_bon_de_commande`
--

DROP TABLE IF EXISTS `ville_bon_de_commande`;
/*!40101 SET @saved_cs_client     = @@character_set_client */;
/*!40101 SET character_set_client = utf8 */;
CREATE TABLE `ville_bon_de_commande` (
  `id` int NOT NULL AUTO_INCREMENT,
  `id_bon_de_commande` int NOT NULL,
  `zone` varchar(200) NOT NULL,
  `ville` varchar(200) NOT NULL,
  `nb_spot_payant` int DEFAULT '0',
  `nb_spot_gratuit` int DEFAULT '0',
  `dure` varchar(200) DEFAULT '0',
  `ventilation` varchar(200) DEFAULT NULL,
  `observation` text,
  `budget` varchar(200) NOT NULL,
  `ordre` int NOT NULL,
  `type` varchar(200) NOT NULL,
  `sys_created_date` timestamp NULL DEFAULT NULL,
  `sys_modified_date` timestamp NOT NULL DEFAULT CURRENT_TIMESTAMP ON UPDATE CURRENT_TIMESTAMP,
  PRIMARY KEY (`id`),
  KEY `id_bon_de_commande` (`id_bon_de_commande`),
  CONSTRAINT `ville_bon_de_commande_ibfk_1` FOREIGN KEY (`id_bon_de_commande`) REFERENCES `bon_de_commande` (`id`) ON DELETE RESTRICT ON UPDATE RESTRICT
) ENGINE=InnoDB AUTO_INCREMENT=107 DEFAULT CHARSET=latin1;
/*!40101 SET character_set_client = @saved_cs_client */;

--
-- Dumping data for table `ville_bon_de_commande`
--

LOCK TABLES `ville_bon_de_commande` WRITE;
/*!40000 ALTER TABLE `ville_bon_de_commande` DISABLE KEYS */;
INSERT INTO `ville_bon_de_commande` VALUES (1,1,'propo_autre_recette_1','TEST',0,0,'0','','','1200',1,'recette','2022-09-28 21:29:29','2022-09-28 21:29:29'),(2,1,'propo_autre_recette_2','TEST',0,0,'0','','','1200',2,'recette','2022-09-28 21:29:29','2022-09-28 21:29:29'),(52,2,'propo_autre_recette_1','Prestations :',0,0,'0','','- Entretien psychologique (1h)\r<br/>- Accompagnement à la vie quotidienne (1h)\r<br/>- Accompagnement rendez-vous médical (2h)','180',1,'recette','2023-05-08 09:32:26','2023-05-08 09:32:26'),(55,3,'propo_autre_recette_1','test',0,0,'0','','','20',1,'recette','2023-05-08 10:32:28','2023-05-08 10:32:28'),(72,5,'propo_autre_recette_1','Coaching et développement personnel / Accompagnement psychologique',0,0,'0','','Intervention de 1h en individuel \r<br/>(il est demandé un minimum de deux interventions par déplacement)','70',1,'recette','2023-05-10 22:31:26','2023-05-10 22:31:26'),(74,4,'propo_autre_recette_1','Groupe de parole et analyse de pratiques',0,0,'0','','Intervention de 2 heures auprès du personnel dans le cadre d\'un groupe de parole et de soutien en EHPAD.','250',1,'recette','2023-05-14 15:01:46','2023-05-14 15:01:46'),(93,6,'propo_autre_recette_1','Coaching et développement personnel en EHPAD dans le cadre de la qualité de vie au travail.',0,0,'0','','Proposition d’accompagnement d’un ou plusieurs groupe. \r<br/>\r<br/>Différentes thématiques seront abordées telles que : \r<br/>\r<br/>- Prévenir l’épuisement professionnel.\r<br/>- Braver la tempête et s’adapter aux défis relationnels.\r<br/>- Bien vivre au travail : investir dans les relations. \r<br/>- Créer de bonnes habitudes et abandonner les mauvaises.\r<br/>- Apprendre à communiquer de manière non violente.\r<br/>- Bonheur, confiance et productivité \r<br/>- Comprendre son mal-être et apprendre à guérir. \r<br/>\r<br/>Il est possible d’axer l’accompagnement en fonction des besoins du terrain. \r<br/>\r<br/>Intervention de 2h par semaine, auprès d’un groupe d’environ 10 à 15 personnes. Soit 104 heures au total. \r<br/>\r<br/>Le calendrier d’intervention sera défini en fonction des disponibilités des deux parties. La présence hebdomadaire pouvant être modulée et regroupées, en fonction des périodes de congés impactant l’organisation de la structure ou du prestataire de service.','17688',1,'recette','2023-05-15 07:09:33','2023-05-15 07:09:33'),(99,7,'propo_autre_recette_1','Coaching et développement personnel en EHPAD dans le cadre de la qualité de vie au travail.',0,0,'0','','Proposition d’accompagnement d’un ou plusieurs groupe. \r<br/>\r<br/>Différentes thématiques seront abordées telles que : \r<br/>\r<br/>- Prévenir l’épuisement professionnel.\r<br/>- Braver la tempête et s’adapter aux défis relationnels.\r<br/>- Bien vivre au travail : investir dans les relations. \r<br/>- Créer de bonnes habitudes et abandonner les mauvaises.\r<br/>- Apprendre à communiquer de manière non violente.\r<br/>- Bonheur, confiance et productivité.\r<br/>- Comprendre son mal-être et apprendre à guérir. \r<br/>\r<br/>Il est possible d’axer l’accompagnement en fonction des besoins du terrain.\r<br/>\r<br/>Intervention de 2h par semaine, auprès d’un groupe d’environ 10 à 15 personnes.\r<br/>Soit 104 heures au total. \r<br/>\r<br/>Le calendrier d’intervention sera défini en fonction des disponibilités des deux parties. La présence hebdomadaire pouvant être modulée et regroupées, en fonction des périodes de congés impactant l’organisation de la structure ou du prestataire de service.','17688',1,'recette','2023-05-15 08:36:25','2023-05-15 08:36:25'),(106,8,'propo_autre_recette_1','Groupe de parole et analyse de pratiques / suivi individuel',0,0,'0','','Prestation proposant l’accompagnement et l\'animation d\'un / plusieurs groupes de parole dans un contexte de tensions interpersonnelles au sein du personnel. \r<br/>\r<br/>Un suivi individuel sera également proposé en fonction des problématiques et des blocages psychologiques rencontrés au cours du suivi collectif. \r<br/>\r<br/>Le travail sera axé sur : \r<br/>- La libération de la parole dans un cadre de bienveillance.\r<br/>- La mise en évidence et la compréhension des blocages psychologiques et des schémas dysfonctionnels au sein du personnel.\r<br/>- Le travail autour du sens et des valeurs communes. \r<br/>- L\'adaptation aux défis personnels et interpersonnels.\r<br/>\r<br/>Intervention de 2h à 3h par semaine (séances individuelles et de groupe 2 à 4 fois par mois). Soit 92 heures au total. \r<br/>Les séances sont modulables en fonction des besoins de la structure et des problématiques de terrain.\r<br/>\r<br/>Le calendrier d\'intervention sera à définir en fonction des disponibilités des deux parties.\r<br/>La présence hebdomadaire pouvant être modulée et regroupée, en fonction des périodes de congés impactant l\'organisation de la structure ou du prestataire de services.','16560',1,'recette','2023-05-16 10:29:29','2023-05-16 10:29:29');
/*!40000 ALTER TABLE `ville_bon_de_commande` ENABLE KEYS */;
UNLOCK TABLES;

--
-- Table structure for table `ville_facture`
--

DROP TABLE IF EXISTS `ville_facture`;
/*!40101 SET @saved_cs_client     = @@character_set_client */;
/*!40101 SET character_set_client = utf8 */;
CREATE TABLE `ville_facture` (
  `id` int NOT NULL AUTO_INCREMENT,
  `id_facture` int NOT NULL,
  `zone` varchar(200) NOT NULL,
  `ville` varchar(200) NOT NULL,
  `observation` text,
  `budget` varchar(200) NOT NULL,
  `ordre` int NOT NULL,
  `sys_created_date` timestamp NULL DEFAULT CURRENT_TIMESTAMP,
  `sys_modified_date` timestamp NOT NULL DEFAULT CURRENT_TIMESTAMP ON UPDATE CURRENT_TIMESTAMP,
  PRIMARY KEY (`id`)
) ENGINE=InnoDB AUTO_INCREMENT=18 DEFAULT CHARSET=latin1;
/*!40101 SET character_set_client = @saved_cs_client */;

--
-- Dumping data for table `ville_facture`
--

LOCK TABLES `ville_facture` WRITE;
/*!40000 ALTER TABLE `ville_facture` DISABLE KEYS */;
INSERT INTO `ville_facture` VALUES (15,5,'propo_autre_recette_1','Mission pour le mois novembre 2022: (soit 55 heures)','-Réalisation des inventaires neuropsychiatriques (NPI-ES)\r<br/>\r<br/>-Evaluation des troubles de l\'humeur (dépression, anxiété, apathie) + bilan. \r<br/>\r<br/>-Evaluation des troubles cognitifs (MMS)+ bilan.  \r<br/>\r<br/>-Traçabilité et descriptif des troubles du comportement et des moyens nécessaire pour y répondre. \r<br/>\r<br/>-Accompagnement des équipes soignantes dans la réalisation des transmissions et traçabilité des troubles. \r<br/>\r<br/>-Justificatifs des participations des résidents aux ateliers mémoire et PASA.','1300',1,'2023-01-30 17:36:18','2023-01-30 17:36:18'),(17,7,'propo_autre_recette_1','Consultation de psychologie','','60',1,'2023-05-08 09:46:17','2023-05-08 09:46:17');
/*!40000 ALTER TABLE `ville_facture` ENABLE KEYS */;
UNLOCK TABLES;

--
-- Table structure for table `ville_propo`
--

DROP TABLE IF EXISTS `ville_propo`;
/*!40101 SET @saved_cs_client     = @@character_set_client */;
/*!40101 SET character_set_client = utf8 */;
CREATE TABLE `ville_propo` (
  `id` int NOT NULL AUTO_INCREMENT,
  `id_proposition_devis` int NOT NULL,
  `zone` varchar(200) NOT NULL,
  `ville` varchar(200) NOT NULL,
  `nb_spot_payant` int DEFAULT '0',
  `nb_spot_gratuit` int DEFAULT '0',
  `dure` varchar(200) DEFAULT '0',
  `ventilation` varchar(200) DEFAULT NULL,
  `observation` text,
  `budget` varchar(200) NOT NULL,
  `ordre` int NOT NULL,
  `sys_created_date` timestamp NULL DEFAULT NULL,
  `sys_modified_date` timestamp NOT NULL DEFAULT CURRENT_TIMESTAMP ON UPDATE CURRENT_TIMESTAMP,
  PRIMARY KEY (`id`),
  KEY `id_proposition_devis` (`id_proposition_devis`),
  CONSTRAINT `ville_propo_ibfk_1` FOREIGN KEY (`id_proposition_devis`) REFERENCES `proposition_devis` (`id`) ON DELETE RESTRICT ON UPDATE RESTRICT
) ENGINE=InnoDB DEFAULT CHARSET=latin1;
/*!40101 SET character_set_client = @saved_cs_client */;

--
-- Dumping data for table `ville_propo`
--

LOCK TABLES `ville_propo` WRITE;
/*!40000 ALTER TABLE `ville_propo` DISABLE KEYS */;
/*!40000 ALTER TABLE `ville_propo` ENABLE KEYS */;
UNLOCK TABLES;
/*!40103 SET TIME_ZONE=@OLD_TIME_ZONE */;

/*!40101 SET SQL_MODE=@OLD_SQL_MODE */;
/*!40014 SET FOREIGN_KEY_CHECKS=@OLD_FOREIGN_KEY_CHECKS */;
/*!40014 SET UNIQUE_CHECKS=@OLD_UNIQUE_CHECKS */;
/*!40101 SET CHARACTER_SET_CLIENT=@OLD_CHARACTER_SET_CLIENT */;
/*!40101 SET CHARACTER_SET_RESULTS=@OLD_CHARACTER_SET_RESULTS */;
/*!40101 SET COLLATION_CONNECTION=@OLD_COLLATION_CONNECTION */;
/*!40111 SET SQL_NOTES=@OLD_SQL_NOTES */;

-- Dump completed on 2026-07-24 22:49:03
